{"id":9253,"date":"2025-07-15T14:15:32","date_gmt":"2025-07-15T17:15:32","guid":{"rendered":"https:\/\/juventudes.social.mg.gov.br\/?page_id=9253"},"modified":"2025-10-21T07:16:01","modified_gmt":"2025-10-21T10:16:01","slug":"6a-conferencia-estadual-das-juventudes-de-minas-gerais","status":"publish","type":"page","link":"https:\/\/juventudes.social.mg.gov.br\/?page_id=9253","title":{"rendered":"6\u00aa CONFER\u00caNCIA ESTADUAL DAS JUVENTUDES DE MINAS GERAIS"},"content":{"rendered":"<p><strong>RESOLU\u00c7\u00c3O SEDESE N\u00ba 73, 11 DE JULHO DE 2025<\/strong><br \/>\nConvoca a 6\u00aa Confer\u00eancia Estadual das Juventudes<\/p>\n<p><a class=\"fasc-button fasc-size-medium fasc-type-flat fasc-ico-before dashicons-arrow-down-alt\" style=\"background-color: #33809e; color: #ffffff;\" href=\"https:\/\/juventudes.social.mg.gov.br\/wp-content\/uploads\/2025\/07\/6a-conferencia-estadual-das-juventudes.pdf\">Baixar<\/a><\/p>\n<p>&nbsp;<\/p>\n<p><strong><span class=\"fontstyle0\">RESOLU\u00c7\u00c3O SEDESE N\u00ba 111, DE 17 DE OUTUBRO DE 2025<br \/>\n<\/span><\/strong><span class=\"fontstyle0\">Altera a Resolu\u00e7\u00e3o SEDESE n\u00ba 73, de 2025, para alterar o m\u00eas de <\/span><span class=\"fontstyle0\">realiza\u00e7\u00e3o da 6\u00aa Confer\u00eancia Estadual das Juventudes e as datas das <\/span><span class=\"fontstyle0\">etapas preparat\u00f3rias municipais e da etapa estadual.<\/span><\/p>\n<p><a class=\"fasc-button fasc-size-medium fasc-type-flat fasc-ico-before dashicons-arrow-down-alt\" style=\"background-color: #33809e; color: #ffffff;\" href=\"https:\/\/juventudes.social.mg.gov.br\/?attachment_id=9267\">Baixar <\/a><\/p>\n<p><a class=\"fasc-button fasc-size-medium fasc-type-flat fasc-ico-before dashicons-arrow-down-alt\" target=\"_blank\" rel=\"noopener\" href=\"https:\/\/juventudes.social.mg.gov.br\/wp-content\/uploads\/2025\/07\/6a-conferencia-estadual-das-juventudes.pdf\">Baixar<\/a><\/p>\n","protected":false},"excerpt":{"rendered":"<p>RESOLU\u00c7\u00c3O SEDESE N\u00ba 73, 11 DE JULHO DE 2025 Convoca a 6\u00aa Confer\u00eancia Estadual das Juventudes Baixar &nbsp; RESOLU\u00c7\u00c3O SEDESE N\u00ba 111, DE 17 DE OUTUBRO DE 2025 Altera a Resolu\u00e7\u00e3o SEDESE n\u00ba 73, de 2025, para alterar o m\u00eas de realiza\u00e7\u00e3o da 6\u00aa Confer\u00eancia Estadual das Juventudes e as datas das etapas preparat\u00f3rias municipais &hellip; <\/p>\n<p class=\"link-more\"><a href=\"https:\/\/juventudes.social.mg.gov.br\/?page_id=9253\" class=\"more-link\">Leia mais<span class=\"screen-reader-text\"> &#8220;6\u00aa CONFER\u00caNCIA ESTADUAL DAS JUVENTUDES DE MINAS GERAIS&#8221;<\/span><\/a><\/p>\n","protected":false},"author":7,"featured_media":0,"parent":9004,"menu_order":0,"comment_status":"closed","ping_status":"closed","template":"","meta":{"footnotes":""},"class_list":["post-9253","page","type-page","status-publish","hentry"],"aioseo_notices":[],"featured_media_urls":[],"_links":{"self":[{"href":"https:\/\/juventudes.social.mg.gov.br\/index.php?rest_route=\/wp\/v2\/pages\/9253","targetHints":{"allow":["GET"]}}],"collection":[{"href":"https:\/\/juventudes.social.mg.gov.br\/index.php?rest_route=\/wp\/v2\/pages"}],"about":[{"href":"https:\/\/juventudes.social.mg.gov.br\/index.php?rest_route=\/wp\/v2\/types\/page"}],"author":[{"embeddable":true,"href":"https:\/\/juventudes.social.mg.gov.br\/index.php?rest_route=\/wp\/v2\/users\/7"}],"replies":[{"embeddable":true,"href":"https:\/\/juventudes.social.mg.gov.br\/index.php?rest_route=%2Fwp%2Fv2%2Fcomments&post=9253"}],"version-history":[{"count":3,"href":"https:\/\/juventudes.social.mg.gov.br\/index.php?rest_route=\/wp\/v2\/pages\/9253\/revisions"}],"predecessor-version":[{"id":9268,"href":"https:\/\/juventudes.social.mg.gov.br\/index.php?rest_route=\/wp\/v2\/pages\/9253\/revisions\/9268"}],"up":[{"embeddable":true,"href":"https:\/\/juventudes.social.mg.gov.br\/index.php?rest_route=\/wp\/v2\/pages\/9004"}],"wp:attachment":[{"href":"https:\/\/juventudes.social.mg.gov.br\/index.php?rest_route=%2Fwp%2Fv2%2Fmedia&parent=9253"}],"curies":[{"name":"wp","href":"https:\/\/api.w.org\/{rel}","templated":true}]}}

6ª CONFERÊNCIA ESTADUAL DAS JUVENTUDES DE MINAS GERAIS

<p><strong>RESOLUÇÃO SEDESE Nº 73, 11 DE JULHO DE 2025</strong><br />
Convoca a 6ª Conferência Estadual das Juventudes</p>
<p><a class="fasc-button fasc-size-medium fasc-type-flat fasc-ico-before dashicons-arrow-down-alt" style="background-color: #33809e; color: #ffffff;" href="https://juventudes.social.mg.gov.br/wp-content/uploads/2025/07/6a-conferencia-estadual-das-juventudes.pdf">Baixar</a></p>
<p>&nbsp;</p>
<p><strong><span class="fontstyle0">RESOLUÇÃO SEDESE Nº 111, DE 17 DE OUTUBRO DE 2025<br />
</span></strong><span class="fontstyle0">Altera a Resolução SEDESE nº 73, de 2025, para alterar o mês de </span><span class="fontstyle0">realização da 6ª Conferência Estadual das Juventudes e as datas das </span><span class="fontstyle0">etapas preparatórias municipais e da etapa estadual.</span></p>
<p><a class="fasc-button fasc-size-medium fasc-type-flat fasc-ico-before dashicons-arrow-down-alt" style="background-color: #33809e; color: #ffffff;" href="https://juventudes.social.mg.gov.br/?attachment_id=9267">Baixar </a></p>
<p><a class="fasc-button fasc-size-medium fasc-type-flat fasc-ico-before dashicons-arrow-down-alt" target="_blank" rel="noopener" href="https://juventudes.social.mg.gov.br/wp-content/uploads/2025/07/6a-conferencia-estadual-das-juventudes.pdf">Baixar</a></p>

<p>RESOLUÇÃO SEDESE Nº 73, 11 DE JULHO DE 2025 Convoca a 6ª Conferência Estadual das Juventudes Baixar &nbsp; RESOLUÇÃO SEDESE Nº 111, DE 17 DE OUTUBRO DE 2025 Altera a Resolução SEDESE nº 73, de 2025, para alterar o mês de realização da 6ª Conferência Estadual das Juventudes e as datas das etapas preparatórias municipais &hellip; </p>
<p class="link-more"><a href="https://juventudes.social.mg.gov.br/?page_id=9253" class="more-link">Leia mais<span class="screen-reader-text"> &#8220;6ª CONFERÊNCIA ESTADUAL DAS JUVENTUDES DE MINAS GERAIS&#8221;</span></a></p>
