{"id":9049,"date":"2025-02-19T13:16:06","date_gmt":"2025-02-19T16:16:06","guid":{"rendered":"https:\/\/juventudes.social.mg.gov.br\/?page_id=9049"},"modified":"2025-07-15T14:10:27","modified_gmt":"2025-07-15T17:10:27","slug":"resolucoes","status":"publish","type":"page","link":"https:\/\/juventudes.social.mg.gov.br\/?page_id=9049","title":{"rendered":"Resolu\u00e7\u00f5es"},"content":{"rendered":"<p><strong>RESOLU\u00c7\u00c3O SEDESE N\u00ba 73, 11 DE JULHO DE 2025<\/strong><br \/>\nConvoca a 6\u00aa Confer\u00eancia Estadual das Juventudes<\/p>\n<p><a class=\"fasc-button fasc-size-medium fasc-type-flat fasc-ico-before dashicons-arrow-down-alt\" style=\"background-color: #33809e; color: #ffffff;\" target=\"_blank\" rel=\"noopener\" href=\"https:\/\/juventudes.social.mg.gov.br\/wp-content\/uploads\/2025\/07\/6a-conferencia-estadual-das-juventudes.pdf\">Baixar<\/a><\/p>\n","protected":false},"excerpt":{"rendered":"<p>RESOLU\u00c7\u00c3O SEDESE N\u00ba 73, 11 DE JULHO DE 2025 Convoca a 6\u00aa Confer\u00eancia Estadual das Juventudes Baixar<\/p>\n","protected":false},"author":7,"featured_media":7579,"parent":0,"menu_order":0,"comment_status":"closed","ping_status":"closed","template":"","meta":{"footnotes":""},"class_list":["post-9049","page","type-page","status-publish","has-post-thumbnail","hentry"],"aioseo_notices":[],"featured_media_urls":{"thumbnail":["https:\/\/juventudes.social.mg.gov.br\/wp-content\/uploads\/2023\/09\/MARCA-4-150x150.png",150,150,true],"medium":["https:\/\/juventudes.social.mg.gov.br\/wp-content\/uploads\/2023\/09\/MARCA-4-300x169.png",300,169,true],"medium_large":["https:\/\/juventudes.social.mg.gov.br\/wp-content\/uploads\/2023\/09\/MARCA-4-768x432.png",768,432,true],"large":["https:\/\/juventudes.social.mg.gov.br\/wp-content\/uploads\/2023\/09\/MARCA-4-1024x576.png",950,534,true],"1536x1536":["https:\/\/juventudes.social.mg.gov.br\/wp-content\/uploads\/2023\/09\/MARCA-4-1536x864.png",1536,864,true],"2048x2048":["https:\/\/juventudes.social.mg.gov.br\/wp-content\/uploads\/2023\/09\/MARCA-4-2048x2048.png",2048,2048,true],"inspiro-featured-image":["https:\/\/juventudes.social.mg.gov.br\/wp-content\/uploads\/2023\/09\/MARCA-4-2000x1125.png",2000,1125,true],"inspiro-loop":["https:\/\/juventudes.social.mg.gov.br\/wp-content\/uploads\/2023\/09\/MARCA-4-950x320.png",950,320,true],"inspiro-loop@2x":["https:\/\/juventudes.social.mg.gov.br\/wp-content\/uploads\/2023\/09\/MARCA-4-1900x640.png",1900,640,true],"portfolio_item-thumbnail":["https:\/\/juventudes.social.mg.gov.br\/wp-content\/uploads\/2023\/09\/MARCA-4-600x400.png",600,400,true],"portfolio_item-thumbnail@2x":["https:\/\/juventudes.social.mg.gov.br\/wp-content\/uploads\/2023\/09\/MARCA-4-1200x800.png",1200,800,true],"portfolio_item-masonry":["https:\/\/juventudes.social.mg.gov.br\/wp-content\/uploads\/2023\/09\/MARCA-4-600x338.png",600,338,true],"portfolio_item-masonry@2x":["https:\/\/juventudes.social.mg.gov.br\/wp-content\/uploads\/2023\/09\/MARCA-4-1200x675.png",1200,675,true],"portfolio_item-thumbnail_cinema":["https:\/\/juventudes.social.mg.gov.br\/wp-content\/uploads\/2023\/09\/MARCA-4-800x335.png",800,335,true],"portfolio_item-thumbnail_portrait":["https:\/\/juventudes.social.mg.gov.br\/wp-content\/uploads\/2023\/09\/MARCA-4-600x900.png",600,900,true],"portfolio_item-thumbnail_portrait@2x":["https:\/\/juventudes.social.mg.gov.br\/wp-content\/uploads\/2023\/09\/MARCA-4-1200x1080.png",1200,1080,true],"portfolio_item-thumbnail_square":["https:\/\/juventudes.social.mg.gov.br\/wp-content\/uploads\/2023\/09\/MARCA-4-800x800.png",800,800,true]},"_links":{"self":[{"href":"https:\/\/juventudes.social.mg.gov.br\/index.php?rest_route=\/wp\/v2\/pages\/9049","targetHints":{"allow":["GET"]}}],"collection":[{"href":"https:\/\/juventudes.social.mg.gov.br\/index.php?rest_route=\/wp\/v2\/pages"}],"about":[{"href":"https:\/\/juventudes.social.mg.gov.br\/index.php?rest_route=\/wp\/v2\/types\/page"}],"author":[{"embeddable":true,"href":"https:\/\/juventudes.social.mg.gov.br\/index.php?rest_route=\/wp\/v2\/users\/7"}],"replies":[{"embeddable":true,"href":"https:\/\/juventudes.social.mg.gov.br\/index.php?rest_route=%2Fwp%2Fv2%2Fcomments&post=9049"}],"version-history":[{"count":6,"href":"https:\/\/juventudes.social.mg.gov.br\/index.php?rest_route=\/wp\/v2\/pages\/9049\/revisions"}],"predecessor-version":[{"id":9249,"href":"https:\/\/juventudes.social.mg.gov.br\/index.php?rest_route=\/wp\/v2\/pages\/9049\/revisions\/9249"}],"wp:featuredmedia":[{"embeddable":true,"href":"https:\/\/juventudes.social.mg.gov.br\/index.php?rest_route=\/wp\/v2\/media\/7579"}],"wp:attachment":[{"href":"https:\/\/juventudes.social.mg.gov.br\/index.php?rest_route=%2Fwp%2Fv2%2Fmedia&parent=9049"}],"curies":[{"name":"wp","href":"https:\/\/api.w.org\/{rel}","templated":true}]}}

Resoluções

<p><strong>RESOLUÇÃO SEDESE Nº 73, 11 DE JULHO DE 2025</strong><br />
Convoca a 6ª Conferência Estadual das Juventudes</p>
<p><a class="fasc-button fasc-size-medium fasc-type-flat fasc-ico-before dashicons-arrow-down-alt" style="background-color: #33809e; color: #ffffff;" target="_blank" rel="noopener" href="https://juventudes.social.mg.gov.br/wp-content/uploads/2025/07/6a-conferencia-estadual-das-juventudes.pdf">Baixar</a></p>

<p>RESOLUÇÃO SEDESE Nº 73, 11 DE JULHO DE 2025 Convoca a 6ª Conferência Estadual das Juventudes Baixar</p>
