{"id":9035,"date":"2025-02-19T09:16:14","date_gmt":"2025-02-19T12:16:14","guid":{"rendered":"https:\/\/juventudes.social.mg.gov.br\/?page_id=9035"},"modified":"2025-02-20T10:38:14","modified_gmt":"2025-02-20T13:38:14","slug":"processo-eleitoral","status":"publish","type":"page","link":"https:\/\/juventudes.social.mg.gov.br\/?page_id=9035","title":{"rendered":"Processo Eleitoral &#8211; Bi\u00eanio 2024-2026"},"content":{"rendered":"<p><strong><span class=\"fontstyle0\">RESOLU\u00c7\u00c3O SEDESE N\u00ba 35, 16 DE MAIO DE 2024<\/span><\/strong><br \/>\n<span class=\"fontstyle0\">Institui a Comiss\u00e3o de Sele\u00e7\u00e3o para atuar na sele\u00e7\u00e3o dos representantes <\/span><span class=\"fontstyle0\">das entidades da sociedade civil para composi\u00e7\u00e3o do Conselho Estadual <\/span><span class=\"fontstyle0\">da Juventude &#8211; Cejuve\/MG, para o bi\u00eanio 2024\/2026<\/span><\/p>\n<p><a class=\"fasc-button fasc-size-medium fasc-type-flat fasc-rounded-medium fasc-ico-before dashicons-arrow-down-alt\" style=\"background-color: #33809e; color: #ffffff;\" target=\"_blank\" href=\"https:\/\/juventudes.social.mg.gov.br\/?attachment_id=9036\">Baixar<\/a><\/p>\n<p>&nbsp;<\/p>\n<p><strong>EDITAL SEDESE N\u00ba 06\/2024<\/strong><br \/>\nInstaura o processo seletivo para os cargos de conselheiros da sociedade civil do Conselho Estadual da Juventude de Minas Gerais \u2013 Cejuve-MG.<\/p>\n<p><a class=\"fasc-button fasc-size-medium fasc-type-flat fasc-rounded-medium fasc-ico-before dashicons-arrow-down-alt\" style=\"background-color: #33809e; color: #ffffff;\" target=\"_blank\" href=\"https:\/\/juventudes.social.mg.gov.br\/wp-content\/uploads\/2025\/02\/EDITAL-SEDESE-No-062024.pdf\">Baixar<\/a><\/p>\n<p>&nbsp;<\/p>\n<p><strong>ATO DE ALTERA\u00c7\u00c3O DO CRONOGRAMA<\/strong><br \/>\nAto de altera\u00e7\u00e3o do cronograma de elei\u00e7\u00e3o dos representantes da sociedade civil para conselho estadual da juventude \u2013 cejuve &#8211; bi\u00eanio 2024-2026, nos termos do edital sedese n\u00ba 06\/2024 &#8211; 18\/06\/2024<\/p>\n<p><a class=\"fasc-button fasc-size-medium fasc-type-flat fasc-rounded-medium fasc-ico-before dashicons-arrow-down-alt\" style=\"background-color: #33809e; color: #ffffff;\" target=\"_blank\" href=\"https:\/\/juventudes.social.mg.gov.br\/wp-content\/uploads\/2025\/02\/ATO-17-EDITAL-No-06-24.pdf\">Baixar<\/a><\/p>\n<p>&nbsp;<\/p>\n<p><span class=\"fontstyle0\"><strong>ATO DE RESULTADO SEDESE\/CEJUVE N\u00ba 1\/2024<\/strong><br \/>\n<\/span>Resolve: publicar as entidades da sociedade civil habilitadas para o edital sedese n\u00ba 06, de 08 de junho de 2024<\/p>\n<p><a class=\"fasc-button fasc-size-medium fasc-type-flat fasc-rounded-medium fasc-ico-before dashicons-arrow-down-alt\" style=\"background-color: #33809e; color: #ffffff;\" target=\"_blank\" href=\"https:\/\/juventudes.social.mg.gov.br\/?attachment_id=9040\">Baixar<\/a><\/p>\n<p>&nbsp;<\/p>\n<p><span class=\"fontstyle0\"><strong>ATO DE RESULTADO SEDESE\/CEJUVE N\u00ba 2\/2024 &#8211; PROCESSO SELETIVO CEJUVE<\/strong><br \/>\n<\/span>Resposta a recurso edital sedese n\u00ba 6\/2024<\/p>\n<p><a class=\"fasc-button fasc-size-medium fasc-type-flat fasc-rounded-medium fasc-ico-before dashicons-arrow-down-alt\" style=\"background-color: #33809e; color: #ffffff;\" target=\"_blank\" href=\"https:\/\/juventudes.social.mg.gov.br\/?attachment_id=9041\">Baixar<\/a><\/p>\n<p>&nbsp;<\/p>\n<p><span class=\"fontstyle0\"><strong>ATO 21, DE 19 DE JULHO DE 2024<\/strong><br \/>\n<\/span>Entidades da sociedade civil habilitadas para o edital sedese n\u00ba 06, de 08 de junho de 2024<\/p>\n<p><a class=\"fasc-button fasc-size-medium fasc-type-flat fasc-rounded-medium fasc-ico-before dashicons-arrow-down-alt\" style=\"background-color: #33809e; color: #ffffff;\" target=\"_blank\" href=\"https:\/\/juventudes.social.mg.gov.br\/wp-content\/uploads\/2025\/02\/ATO-21-SEDESE-N-06-DE-08-DE-JUNHO-DE-2024.pdf\">Baixar<\/a><\/p>\n<p>&nbsp;<\/p>\n<p><strong>ATO DE ALTERA\u00c7\u00c3O DO CRONOGRAMA<br \/>\n<\/strong>ATO DE ALTERA\u00c7\u00c3O DO CRONOGRAMA DE ELEI\u00c7\u00c3O DOS REPRESENTANTES DA SOCIEDADE CIVIL PARA CONSELHO ESTADUAL DA JUVENTUDE \u2013 CEJUVE &#8211; BI\u00caNIO 2024-2026, NOS TERMOS DO EDITAL SEDESE N\u00ba 06\/2024 &#8211; 22\/11\/2024<\/p>\n<p><a class=\"fasc-button fasc-size-medium fasc-type-flat fasc-rounded-medium fasc-ico-before dashicons-arrow-down-alt\" style=\"background-color: #33809e; color: #ffffff;\" target=\"_blank\" href=\"https:\/\/juventudes.social.mg.gov.br\/?attachment_id=9043\">Baixar<\/a><\/p>\n<p><span class=\"fontstyle0\">&nbsp;<\/span><\/p>\n<p>&nbsp;<\/p>\n<p>&nbsp;<\/p>\n<p>&nbsp;<\/p>\n","protected":false},"excerpt":{"rendered":"<p>RESOLU\u00c7\u00c3O SEDESE N\u00ba 35, 16 DE MAIO DE 2024 Institui a Comiss\u00e3o de Sele\u00e7\u00e3o para atuar na sele\u00e7\u00e3o dos representantes das entidades da sociedade civil para composi\u00e7\u00e3o do Conselho Estadual da Juventude &#8211; Cejuve\/MG, para o bi\u00eanio 2024\/2026 Baixar &nbsp; EDITAL SEDESE N\u00ba 06\/2024 Instaura o processo seletivo para os cargos de conselheiros da sociedade &hellip; <\/p>\n<p class=\"link-more\"><a href=\"https:\/\/juventudes.social.mg.gov.br\/?page_id=9035\" class=\"more-link\">Leia mais<span class=\"screen-reader-text\"> &#8220;Processo Eleitoral &#8211; Bi\u00eanio 2024-2026&#8221;<\/span><\/a><\/p>\n","protected":false},"author":7,"featured_media":7579,"parent":5592,"menu_order":0,"comment_status":"closed","ping_status":"closed","template":"","meta":{"footnotes":""},"class_list":["post-9035","page","type-page","status-publish","has-post-thumbnail","hentry"],"aioseo_notices":[],"featured_media_urls":{"thumbnail":["https:\/\/juventudes.social.mg.gov.br\/wp-content\/uploads\/2023\/09\/MARCA-4-150x150.png",150,150,true],"medium":["https:\/\/juventudes.social.mg.gov.br\/wp-content\/uploads\/2023\/09\/MARCA-4-300x169.png",300,169,true],"medium_large":["https:\/\/juventudes.social.mg.gov.br\/wp-content\/uploads\/2023\/09\/MARCA-4-768x432.png",768,432,true],"large":["https:\/\/juventudes.social.mg.gov.br\/wp-content\/uploads\/2023\/09\/MARCA-4-1024x576.png",950,534,true],"1536x1536":["https:\/\/juventudes.social.mg.gov.br\/wp-content\/uploads\/2023\/09\/MARCA-4-1536x864.png",1536,864,true],"2048x2048":["https:\/\/juventudes.social.mg.gov.br\/wp-content\/uploads\/2023\/09\/MARCA-4-2048x2048.png",2048,2048,true],"inspiro-featured-image":["https:\/\/juventudes.social.mg.gov.br\/wp-content\/uploads\/2023\/09\/MARCA-4-2000x1125.png",2000,1125,true],"inspiro-loop":["https:\/\/juventudes.social.mg.gov.br\/wp-content\/uploads\/2023\/09\/MARCA-4-950x320.png",950,320,true],"inspiro-loop@2x":["https:\/\/juventudes.social.mg.gov.br\/wp-content\/uploads\/2023\/09\/MARCA-4-1900x640.png",1900,640,true],"portfolio_item-thumbnail":["https:\/\/juventudes.social.mg.gov.br\/wp-content\/uploads\/2023\/09\/MARCA-4-600x400.png",600,400,true],"portfolio_item-thumbnail@2x":["https:\/\/juventudes.social.mg.gov.br\/wp-content\/uploads\/2023\/09\/MARCA-4-1200x800.png",1200,800,true],"portfolio_item-masonry":["https:\/\/juventudes.social.mg.gov.br\/wp-content\/uploads\/2023\/09\/MARCA-4-600x338.png",600,338,true],"portfolio_item-masonry@2x":["https:\/\/juventudes.social.mg.gov.br\/wp-content\/uploads\/2023\/09\/MARCA-4-1200x675.png",1200,675,true],"portfolio_item-thumbnail_cinema":["https:\/\/juventudes.social.mg.gov.br\/wp-content\/uploads\/2023\/09\/MARCA-4-800x335.png",800,335,true],"portfolio_item-thumbnail_portrait":["https:\/\/juventudes.social.mg.gov.br\/wp-content\/uploads\/2023\/09\/MARCA-4-600x900.png",600,900,true],"portfolio_item-thumbnail_portrait@2x":["https:\/\/juventudes.social.mg.gov.br\/wp-content\/uploads\/2023\/09\/MARCA-4-1200x1080.png",1200,1080,true],"portfolio_item-thumbnail_square":["https:\/\/juventudes.social.mg.gov.br\/wp-content\/uploads\/2023\/09\/MARCA-4-800x800.png",800,800,true]},"_links":{"self":[{"href":"https:\/\/juventudes.social.mg.gov.br\/index.php?rest_route=\/wp\/v2\/pages\/9035","targetHints":{"allow":["GET"]}}],"collection":[{"href":"https:\/\/juventudes.social.mg.gov.br\/index.php?rest_route=\/wp\/v2\/pages"}],"about":[{"href":"https:\/\/juventudes.social.mg.gov.br\/index.php?rest_route=\/wp\/v2\/types\/page"}],"author":[{"embeddable":true,"href":"https:\/\/juventudes.social.mg.gov.br\/index.php?rest_route=\/wp\/v2\/users\/7"}],"replies":[{"embeddable":true,"href":"https:\/\/juventudes.social.mg.gov.br\/index.php?rest_route=%2Fwp%2Fv2%2Fcomments&post=9035"}],"version-history":[{"count":15,"href":"https:\/\/juventudes.social.mg.gov.br\/index.php?rest_route=\/wp\/v2\/pages\/9035\/revisions"}],"predecessor-version":[{"id":9202,"href":"https:\/\/juventudes.social.mg.gov.br\/index.php?rest_route=\/wp\/v2\/pages\/9035\/revisions\/9202"}],"up":[{"embeddable":true,"href":"https:\/\/juventudes.social.mg.gov.br\/index.php?rest_route=\/wp\/v2\/pages\/5592"}],"wp:featuredmedia":[{"embeddable":true,"href":"https:\/\/juventudes.social.mg.gov.br\/index.php?rest_route=\/wp\/v2\/media\/7579"}],"wp:attachment":[{"href":"https:\/\/juventudes.social.mg.gov.br\/index.php?rest_route=%2Fwp%2Fv2%2Fmedia&parent=9035"}],"curies":[{"name":"wp","href":"https:\/\/api.w.org\/{rel}","templated":true}]}}

Processo Eleitoral &#8211; Biênio 2024-2026

<p><strong><span class="fontstyle0">RESOLUÇÃO SEDESE Nº 35, 16 DE MAIO DE 2024</span></strong><br />
<span class="fontstyle0">Institui a Comissão de Seleção para atuar na seleção dos representantes </span><span class="fontstyle0">das entidades da sociedade civil para composição do Conselho Estadual </span><span class="fontstyle0">da Juventude &#8211; Cejuve/MG, para o biênio 2024/2026</span></p>
<p><a class="fasc-button fasc-size-medium fasc-type-flat fasc-rounded-medium fasc-ico-before dashicons-arrow-down-alt" style="background-color: #33809e; color: #ffffff;" target="_blank" href="https://juventudes.social.mg.gov.br/?attachment_id=9036">Baixar</a></p>
<p>&nbsp;</p>
<p><strong>EDITAL SEDESE Nº 06/2024</strong><br />
Instaura o processo seletivo para os cargos de conselheiros da sociedade civil do Conselho Estadual da Juventude de Minas Gerais – Cejuve-MG.</p>
<p><a class="fasc-button fasc-size-medium fasc-type-flat fasc-rounded-medium fasc-ico-before dashicons-arrow-down-alt" style="background-color: #33809e; color: #ffffff;" target="_blank" href="https://juventudes.social.mg.gov.br/wp-content/uploads/2025/02/EDITAL-SEDESE-No-062024.pdf">Baixar</a></p>
<p>&nbsp;</p>
<p><strong>ATO DE ALTERAÇÃO DO CRONOGRAMA</strong><br />
Ato de alteração do cronograma de eleição dos representantes da sociedade civil para conselho estadual da juventude – cejuve &#8211; biênio 2024-2026, nos termos do edital sedese nº 06/2024 &#8211; 18/06/2024</p>
<p><a class="fasc-button fasc-size-medium fasc-type-flat fasc-rounded-medium fasc-ico-before dashicons-arrow-down-alt" style="background-color: #33809e; color: #ffffff;" target="_blank" href="https://juventudes.social.mg.gov.br/wp-content/uploads/2025/02/ATO-17-EDITAL-No-06-24.pdf">Baixar</a></p>
<p>&nbsp;</p>
<p><span class="fontstyle0"><strong>ATO DE RESULTADO SEDESE/CEJUVE Nº 1/2024</strong><br />
</span>Resolve: publicar as entidades da sociedade civil habilitadas para o edital sedese nº 06, de 08 de junho de 2024</p>
<p><a class="fasc-button fasc-size-medium fasc-type-flat fasc-rounded-medium fasc-ico-before dashicons-arrow-down-alt" style="background-color: #33809e; color: #ffffff;" target="_blank" href="https://juventudes.social.mg.gov.br/?attachment_id=9040">Baixar</a></p>
<p>&nbsp;</p>
<p><span class="fontstyle0"><strong>ATO DE RESULTADO SEDESE/CEJUVE Nº 2/2024 &#8211; PROCESSO SELETIVO CEJUVE</strong><br />
</span>Resposta a recurso edital sedese nº 6/2024</p>
<p><a class="fasc-button fasc-size-medium fasc-type-flat fasc-rounded-medium fasc-ico-before dashicons-arrow-down-alt" style="background-color: #33809e; color: #ffffff;" target="_blank" href="https://juventudes.social.mg.gov.br/?attachment_id=9041">Baixar</a></p>
<p>&nbsp;</p>
<p><span class="fontstyle0"><strong>ATO 21, DE 19 DE JULHO DE 2024</strong><br />
</span>Entidades da sociedade civil habilitadas para o edital sedese nº 06, de 08 de junho de 2024</p>
<p><a class="fasc-button fasc-size-medium fasc-type-flat fasc-rounded-medium fasc-ico-before dashicons-arrow-down-alt" style="background-color: #33809e; color: #ffffff;" target="_blank" href="https://juventudes.social.mg.gov.br/wp-content/uploads/2025/02/ATO-21-SEDESE-N-06-DE-08-DE-JUNHO-DE-2024.pdf">Baixar</a></p>
<p>&nbsp;</p>
<p><strong>ATO DE ALTERAÇÃO DO CRONOGRAMA<br />
</strong>ATO DE ALTERAÇÃO DO CRONOGRAMA DE ELEIÇÃO DOS REPRESENTANTES DA SOCIEDADE CIVIL PARA CONSELHO ESTADUAL DA JUVENTUDE – CEJUVE &#8211; BIÊNIO 2024-2026, NOS TERMOS DO EDITAL SEDESE Nº 06/2024 &#8211; 22/11/2024</p>
<p><a class="fasc-button fasc-size-medium fasc-type-flat fasc-rounded-medium fasc-ico-before dashicons-arrow-down-alt" style="background-color: #33809e; color: #ffffff;" target="_blank" href="https://juventudes.social.mg.gov.br/?attachment_id=9043">Baixar</a></p>
<p><span class="fontstyle0">&nbsp;</span></p>
<p>&nbsp;</p>
<p>&nbsp;</p>
<p>&nbsp;</p>

<p>RESOLUÇÃO SEDESE Nº 35, 16 DE MAIO DE 2024 Institui a Comissão de Seleção para atuar na seleção dos representantes das entidades da sociedade civil para composição do Conselho Estadual da Juventude &#8211; Cejuve/MG, para o biênio 2024/2026 Baixar &nbsp; EDITAL SEDESE Nº 06/2024 Instaura o processo seletivo para os cargos de conselheiros da sociedade &hellip; </p>
<p class="link-more"><a href="https://juventudes.social.mg.gov.br/?page_id=9035" class="more-link">Leia mais<span class="screen-reader-text"> &#8220;Processo Eleitoral &#8211; Biênio 2024-2026&#8221;</span></a></p>
