{"id":9008,"date":"2025-02-18T14:56:06","date_gmt":"2025-02-18T17:56:06","guid":{"rendered":"https:\/\/juventudes.social.mg.gov.br\/?page_id=9008"},"modified":"2025-02-20T10:36:15","modified_gmt":"2025-02-20T13:36:15","slug":"4a-conferencia-estadual-das-juventudes-de-minas-gerais","status":"publish","type":"page","link":"https:\/\/juventudes.social.mg.gov.br\/?page_id=9008","title":{"rendered":"4\u00aa CONFER\u00caNCIA ESTADUAL DAS JUVENTUDES DE MINAS GERAIS"},"content":{"rendered":"<p><strong>DECRETO N\u00ba 11.619, DE JULHO DE 2023<\/strong><br \/>\nConvoca a 4\u00ba Confer\u00eancia Nacional de Juventude<\/p>\n<p><a class=\"fasc-button fasc-size-medium fasc-type-flat fasc-ico-before dashicons-arrow-down-alt\" style=\"background-color: #33809e; color: #ffffff;\" target=\"_blank\" href=\"https:\/\/juventudes.social.mg.gov.br\/wp-content\/uploads\/2025\/02\/DECRETO-No-11.619-DE-25-DE-JULHO-DE-2023-Convoca-a-4a-Conferencia-Nacional-de-Juventude.pdf\">Baixar<\/a><\/p>\n<p>&nbsp;<\/p>\n<p><span class=\"fontstyle0\"><strong>RESOLU\u00c7\u00c3O CON\/CONJUVE\/SNJ\/SGPR\/PR N\u00ba 1, DE 11 DE AGOSTO DE 2023<\/strong><br \/>\n<\/span><span class=\"fontstyle2\">Disp\u00f5e sobre o Regimento Interno da 4\u00aa Confer\u00eancia Nacional da Juventude.<\/span><\/p>\n<p><a class=\"fasc-button fasc-size-medium fasc-type-flat fasc-ico-before dashicons-arrow-down-alt\" style=\"background-color: #33809e; color: #ffffff;\" target=\"_blank\" href=\"https:\/\/juventudes.social.mg.gov.br\/wp-content\/uploads\/2025\/02\/RESOLUCAO-CON-CONJUVE-SNJ-SGPR-PR-No-1-DE-11-DE-AGOSTO-DE-2023.pdf\">Baixar<\/a><\/p>\n<p>&nbsp;<\/p>\n<p><span class=\"fontstyle0\"><strong>RESOLU\u00c7\u00c3O CON\/CONJUVE\/SNJ\/SGPR\/PR N\u00ba 2, DE 16 DE AGOSTO DE 2023<\/strong><br \/>\n<\/span><span class=\"fontstyle2\">Disp\u00f5e sobre as Etapas Municipais e Regionais da 4\u00aa <\/span><span class=\"fontstyle2\">Confer\u00eancia Nacional da Juventude<\/span><\/p>\n<p><a class=\"fasc-button fasc-size-medium fasc-type-flat fasc-ico-before dashicons-arrow-down-alt\" style=\"background-color: #33809e; color: #ffffff;\" target=\"_blank\" href=\"https:\/\/juventudes.social.mg.gov.br\/wp-content\/uploads\/2025\/02\/RESOLUCAO-COM-CONJUVE-SNJ-SGPR-PR-No-2-DE-16-DE-AGOSTO-DE-2023.pdf\">Baixar<\/a><\/p>\n","protected":false},"excerpt":{"rendered":"<p>DECRETO N\u00ba 11.619, DE JULHO DE 2023 Convoca a 4\u00ba Confer\u00eancia Nacional de Juventude Baixar &nbsp; RESOLU\u00c7\u00c3O CON\/CONJUVE\/SNJ\/SGPR\/PR N\u00ba 1, DE 11 DE AGOSTO DE 2023 Disp\u00f5e sobre o Regimento Interno da 4\u00aa Confer\u00eancia Nacional da Juventude. Baixar &nbsp; RESOLU\u00c7\u00c3O CON\/CONJUVE\/SNJ\/SGPR\/PR N\u00ba 2, DE 16 DE AGOSTO DE 2023 Disp\u00f5e sobre as Etapas Municipais e &hellip; <\/p>\n<p class=\"link-more\"><a href=\"https:\/\/juventudes.social.mg.gov.br\/?page_id=9008\" class=\"more-link\">Leia mais<span class=\"screen-reader-text\"> &#8220;4\u00aa CONFER\u00caNCIA ESTADUAL DAS JUVENTUDES DE MINAS GERAIS&#8221;<\/span><\/a><\/p>\n","protected":false},"author":7,"featured_media":7579,"parent":9004,"menu_order":0,"comment_status":"closed","ping_status":"closed","template":"","meta":{"footnotes":""},"class_list":["post-9008","page","type-page","status-publish","has-post-thumbnail","hentry"],"aioseo_notices":[],"featured_media_urls":{"thumbnail":["https:\/\/juventudes.social.mg.gov.br\/wp-content\/uploads\/2023\/09\/MARCA-4-150x150.png",150,150,true],"medium":["https:\/\/juventudes.social.mg.gov.br\/wp-content\/uploads\/2023\/09\/MARCA-4-300x169.png",300,169,true],"medium_large":["https:\/\/juventudes.social.mg.gov.br\/wp-content\/uploads\/2023\/09\/MARCA-4-768x432.png",768,432,true],"large":["https:\/\/juventudes.social.mg.gov.br\/wp-content\/uploads\/2023\/09\/MARCA-4-1024x576.png",950,534,true],"1536x1536":["https:\/\/juventudes.social.mg.gov.br\/wp-content\/uploads\/2023\/09\/MARCA-4-1536x864.png",1536,864,true],"2048x2048":["https:\/\/juventudes.social.mg.gov.br\/wp-content\/uploads\/2023\/09\/MARCA-4-2048x2048.png",2048,2048,true],"inspiro-featured-image":["https:\/\/juventudes.social.mg.gov.br\/wp-content\/uploads\/2023\/09\/MARCA-4-2000x1125.png",2000,1125,true],"inspiro-loop":["https:\/\/juventudes.social.mg.gov.br\/wp-content\/uploads\/2023\/09\/MARCA-4-950x320.png",950,320,true],"inspiro-loop@2x":["https:\/\/juventudes.social.mg.gov.br\/wp-content\/uploads\/2023\/09\/MARCA-4-1900x640.png",1900,640,true],"portfolio_item-thumbnail":["https:\/\/juventudes.social.mg.gov.br\/wp-content\/uploads\/2023\/09\/MARCA-4-600x400.png",600,400,true],"portfolio_item-thumbnail@2x":["https:\/\/juventudes.social.mg.gov.br\/wp-content\/uploads\/2023\/09\/MARCA-4-1200x800.png",1200,800,true],"portfolio_item-masonry":["https:\/\/juventudes.social.mg.gov.br\/wp-content\/uploads\/2023\/09\/MARCA-4-600x338.png",600,338,true],"portfolio_item-masonry@2x":["https:\/\/juventudes.social.mg.gov.br\/wp-content\/uploads\/2023\/09\/MARCA-4-1200x675.png",1200,675,true],"portfolio_item-thumbnail_cinema":["https:\/\/juventudes.social.mg.gov.br\/wp-content\/uploads\/2023\/09\/MARCA-4-800x335.png",800,335,true],"portfolio_item-thumbnail_portrait":["https:\/\/juventudes.social.mg.gov.br\/wp-content\/uploads\/2023\/09\/MARCA-4-600x900.png",600,900,true],"portfolio_item-thumbnail_portrait@2x":["https:\/\/juventudes.social.mg.gov.br\/wp-content\/uploads\/2023\/09\/MARCA-4-1200x1080.png",1200,1080,true],"portfolio_item-thumbnail_square":["https:\/\/juventudes.social.mg.gov.br\/wp-content\/uploads\/2023\/09\/MARCA-4-800x800.png",800,800,true]},"_links":{"self":[{"href":"https:\/\/juventudes.social.mg.gov.br\/index.php?rest_route=\/wp\/v2\/pages\/9008","targetHints":{"allow":["GET"]}}],"collection":[{"href":"https:\/\/juventudes.social.mg.gov.br\/index.php?rest_route=\/wp\/v2\/pages"}],"about":[{"href":"https:\/\/juventudes.social.mg.gov.br\/index.php?rest_route=\/wp\/v2\/types\/page"}],"author":[{"embeddable":true,"href":"https:\/\/juventudes.social.mg.gov.br\/index.php?rest_route=\/wp\/v2\/users\/7"}],"replies":[{"embeddable":true,"href":"https:\/\/juventudes.social.mg.gov.br\/index.php?rest_route=%2Fwp%2Fv2%2Fcomments&post=9008"}],"version-history":[{"count":3,"href":"https:\/\/juventudes.social.mg.gov.br\/index.php?rest_route=\/wp\/v2\/pages\/9008\/revisions"}],"predecessor-version":[{"id":9201,"href":"https:\/\/juventudes.social.mg.gov.br\/index.php?rest_route=\/wp\/v2\/pages\/9008\/revisions\/9201"}],"up":[{"embeddable":true,"href":"https:\/\/juventudes.social.mg.gov.br\/index.php?rest_route=\/wp\/v2\/pages\/9004"}],"wp:featuredmedia":[{"embeddable":true,"href":"https:\/\/juventudes.social.mg.gov.br\/index.php?rest_route=\/wp\/v2\/media\/7579"}],"wp:attachment":[{"href":"https:\/\/juventudes.social.mg.gov.br\/index.php?rest_route=%2Fwp%2Fv2%2Fmedia&parent=9008"}],"curies":[{"name":"wp","href":"https:\/\/api.w.org\/{rel}","templated":true}]}}

4ª CONFERÊNCIA ESTADUAL DAS JUVENTUDES DE MINAS GERAIS

<p><strong>DECRETO Nº 11.619, DE JULHO DE 2023</strong><br />
Convoca a 4º Conferência Nacional de Juventude</p>
<p><a class="fasc-button fasc-size-medium fasc-type-flat fasc-ico-before dashicons-arrow-down-alt" style="background-color: #33809e; color: #ffffff;" target="_blank" href="https://juventudes.social.mg.gov.br/wp-content/uploads/2025/02/DECRETO-No-11.619-DE-25-DE-JULHO-DE-2023-Convoca-a-4a-Conferencia-Nacional-de-Juventude.pdf">Baixar</a></p>
<p>&nbsp;</p>
<p><span class="fontstyle0"><strong>RESOLUÇÃO CON/CONJUVE/SNJ/SGPR/PR Nº 1, DE 11 DE AGOSTO DE 2023</strong><br />
</span><span class="fontstyle2">Dispõe sobre o Regimento Interno da 4ª Conferência Nacional da Juventude.</span></p>
<p><a class="fasc-button fasc-size-medium fasc-type-flat fasc-ico-before dashicons-arrow-down-alt" style="background-color: #33809e; color: #ffffff;" target="_blank" href="https://juventudes.social.mg.gov.br/wp-content/uploads/2025/02/RESOLUCAO-CON-CONJUVE-SNJ-SGPR-PR-No-1-DE-11-DE-AGOSTO-DE-2023.pdf">Baixar</a></p>
<p>&nbsp;</p>
<p><span class="fontstyle0"><strong>RESOLUÇÃO CON/CONJUVE/SNJ/SGPR/PR Nº 2, DE 16 DE AGOSTO DE 2023</strong><br />
</span><span class="fontstyle2">Dispõe sobre as Etapas Municipais e Regionais da 4ª </span><span class="fontstyle2">Conferência Nacional da Juventude</span></p>
<p><a class="fasc-button fasc-size-medium fasc-type-flat fasc-ico-before dashicons-arrow-down-alt" style="background-color: #33809e; color: #ffffff;" target="_blank" href="https://juventudes.social.mg.gov.br/wp-content/uploads/2025/02/RESOLUCAO-COM-CONJUVE-SNJ-SGPR-PR-No-2-DE-16-DE-AGOSTO-DE-2023.pdf">Baixar</a></p>

<p>DECRETO Nº 11.619, DE JULHO DE 2023 Convoca a 4º Conferência Nacional de Juventude Baixar &nbsp; RESOLUÇÃO CON/CONJUVE/SNJ/SGPR/PR Nº 1, DE 11 DE AGOSTO DE 2023 Dispõe sobre o Regimento Interno da 4ª Conferência Nacional da Juventude. Baixar &nbsp; RESOLUÇÃO CON/CONJUVE/SNJ/SGPR/PR Nº 2, DE 16 DE AGOSTO DE 2023 Dispõe sobre as Etapas Municipais e &hellip; </p>
<p class="link-more"><a href="https://juventudes.social.mg.gov.br/?page_id=9008" class="more-link">Leia mais<span class="screen-reader-text"> &#8220;4ª CONFERÊNCIA ESTADUAL DAS JUVENTUDES DE MINAS GERAIS&#8221;</span></a></p>
